e greatest common factor of 165 and 60.
15
What is the highest common factor of 13194 and 12?
6
Calculate the highest common factor of 147 and 5439.
147
What is the highest common factor of 16 and 4?
4
What is the greatest common factor of 7139 and 121?
121
What is the greatest common factor of 385 and 517?
11
What is the greatest common divisor of 17572 and 573?
191
Calculate the highest common divisor of 25784 and 88.
88
What is the highest common factor of 14292 and 36?
36
What is the highest common factor of 2346 and 1380?
138
Calculate the greatest common factor of 98 and 700.
14
What is the highest common divisor of 209 and 19?
19
What is the highest common divisor of 6 and 34?
2
What is the highest common factor of 7541 and 1?
1
What is the greatest common factor of 68 and 17?
17
What is the greatest common factor of 64 and 4864?
64
What is the highest common divisor of 47 and 6345?
47
What is the highest common factor of 9080 and 40?
40
Calculate the highest common divisor of 88 and 11000.
88
What is the highest common factor of 291 and 3007?
97
Calculate the greatest common divisor of 78 and 338.
26
Calculate the greatest common divisor of 12 and 474.
6
Calculate the highest common divisor of 243 and 9.
9
What is the greatest common factor of 74 and 37?
37
What is the greatest common factor of 602 and 42?
14
What is the highest common factor of 120 and 15?
15
What is the highest common divisor of 6105 and 44?
11
Calculate the greatest common factor of 750 and 24.
6
Calculate the greatest common factor of 8 and 56.
8
What is the highest common divisor of 4432 and 16?
16
Calculate the greatest common factor of 2915 and 106.
53
What is the highest common divisor of 961 and 1147?
31
Calculate the greatest common divisor of 32 and 20272.
16
What is the highest common divisor of 173 and 15?
1
Calculate the highest common divisor of 38 and 8037.
19
Calculate the greatest common divisor of 2 and 508.
2
Calculate the highest common divisor of 25 and 825.
25
What is the highest common divisor of 288 and 4308?
12
What is the highest common divisor of 465 and 90?
15
What is the greatest common divisor of 31 and 5?
1
What is the highest common divisor of 169 and 104?
13
What is the highest common factor of 300 and 75?
75
Calculate the highest common factor of 19592 and 496.
248
What is the greatest common factor of 9 and 108?
9
What is the greatest common divisor of 143 and 65?
13
What is the highest common factor of 2 and 1040?
2
Calculate the greatest common factor of 24416 and 218.
218
Calculate the highest common divisor of 236 and 7493.
59
What is the highest common factor of 576 and 512?
64
What is the highest common divisor of 7836 and 12?
12
Calculate the greatest common divisor of 104 and 440.
8
What is the greatest common divisor of 254 and 21463?
127
Calculate the greatest common factor of 9 and 12.
3
What is the highest common divisor of 107 and 428?
107
What is the greatest common factor of 39 and 1651?
13
Calculate the highest common factor of 8865 and 45.
45
Calculate the highest common divisor of 345 and 552.
69
Calculate the highest common factor of 212 and 371.
53
Calculate the highest common factor of 1161 and 18.
9
Calculate the greatest common divisor of 96 and 84.
12
Calculate the greatest common divisor of 82 and 246.
82
Calculate the greatest common divisor of 46 and 69.
23
What is the greatest common factor of 164 and 2173?
41
What is the highest common divisor of 2109 and 111?
111
Calculate the greatest common divisor of 19 and 93765.
19
What is the highest common divisor of 50 and 1300?
50
What is the greatest common factor of 30523 and 131?
131
Calculate the highest common divisor of 112 and 4032.
112
What is the highest common divisor of 814 and 4?
2
What is the highest common factor of 1079 and 13?
13
What is the greatest common factor of 874 and 1012?
46
Calculate the greatest common divisor of 742 and 10.
2
Calculate the highest common factor of 8 and 218.
2
What is the greatest common factor of 180 and 27?
9
Calculate the greatest common divisor of 1072 and 208.
16
What is the greatest common divisor of 53 and 1431?
53
What is the highest common divisor of 552 and 3657?
69
Calculate the highest common divisor of 511 and 21.
7
What is the highest common factor of 2488 and 8?
8
What is the highest common factor of 517 and 407?
11
What is the greatest common divisor of 150 and 70?
10
Calculate the greatest common divisor of 8 and 1.
1
What is the highest common divisor of 127 and 127?
127
What is the greatest common factor of 2843 and 1?
1
Calculate the highest common divisor of 228 and 108.
12
Calculate the highest common divisor of 32 and 44.
4
Calculate the highest common factor of 75 and 20.
5
Calculate the greatest common factor of 195 and 145.
5
Calculate the greatest common divisor of 5213 and 156.
13
Calculate the highest common factor of 597 and 21.
3
What is the highest common divisor of 72 and 10836?
36
Calculate the greatest common divisor of 112 and 4592.
112
Calculate the greatest common divisor of 1740 and 60.
60
What is the greatest common divisor of 12 and 762?
6
Calculate the greatest common factor of 940 and 100.
20
What is the greatest common factor of 4069 and 3443?
313
What is the highest common factor of 87 and 754?
29
What is the highest common factor of 222 and 192?
6
What is the greatest common factor of 37317 and 21?
21
Calculate the highest common divisor of 30 and 2130.
30
What is the highest common factor of 690 and 138?
138
What is the highest common divisor of 273 and 637?
91
What is the highest common divisor of 248 and 17236?
124
What is the greatest common divisor of 3503 and 93?
31
What is the greatest common factor of 1363 and 116?
29
What is the highest common divisor of 258 and 946?
86
What is the greatest common factor of 159 and 583?
53
What is the greatest common factor of 1750 and 75?
25
What is the highest common divisor of 390 and 30?
30
Calculate the highest common factor of 391 and 17.
17
What is the greatest common divisor of 263 and 24722?
263
What is the highest common factor of 104 and 52?
52
What is the highest common factor of 3 and 52?
1
What is the highest common divisor of 42 and 1372?
14
What is the greatest common divisor of 108 and 444?
12
Calculate the greatest common divisor of 388 and 20.
4
What is the greatest common divisor of 303 and 3?
3
Calculate the highest common factor of 2808 and 16.
8
What is the highest common divisor of 2794 and 44?
22
Calculate the highest common divisor of 26 and 117.
13
What is the highest common factor of 64 and 224?
32
What is the highest common divisor of 811 and 3?
1
Calculate the greatest common factor of 354 and 6.
6
Calculate the highest common divisor of 6 and 2178.
6
What is the highest common divisor of 52 and 403?
13
What is the highest common factor of 86 and 5504?
86
Calculate the greatest common factor of 795 and 477.
159
What is the highest common divisor of 21 and 5649?
21
What is the highest common divisor of 12 and 656?
4
Calculate the highest common divisor of 1340 and 20.
20
What is the highest common factor of 218 and 1199?
109
Calculate the highest common divisor of 122 and 1342.
122
Calculate the highest common factor of 469 and 21.
7
What is the greatest common divisor of 345 and 69?
69
Calculate the greatest common factor of 13 and 104.
13
Calculate the highest common factor of 131 and 1.
1
Calculate the greatest common divisor of 504 and 420.
84
Calculate the greatest common factor of 7520 and 96.
32
What is the greatest common divisor of 36 and 586?
2
What is the highest common divisor of 208 and 13?
13
What is the highest common factor of 8 and 488?
8
What is the greatest common factor of 1072 and 64?
16
What is the greatest common divisor of 165 and 605?
55
Calculate the greatest common factor of 297 and 999.
27
What is the greatest common divisor of 2432 and 64?
64
Calculate the greatest common factor of 1475 and 25.
25
Calculate the highest common divisor of 12 and 3426.
6
Calculate the greatest common divisor of 12 and 260.
4
What is the highest common divisor of 14 and 434?
14
Calculate the greatest common divisor of 125 and 725.
25
Calculate the highest common divisor of 104 and 988.
52
